le of 133?
True
Is 10 a factor of 3687?
False
Is 92 a multiple of 2?
True
Is 208 a multiple of 8?
True
Is 16 a factor of 76032?
True
Is 19 a factor of 8706?
False
Is 494 a multiple of 39?
False
Is 296 a factor of 34437?
False
Does 195 divide 24873?
False
Is 127 a factor of 5834?
False
Is 462 a multiple of 2?
True
Is 5 a factor of 1070?
True
Does 15 divide 1464?
False
Does 24 divide 20736?
True
Is 19 a factor of 874?
True
Does 66 divide 4884?
True
Is 918 a multiple of 14?
False
Does 10 divide 8332?
False
Is 22 a factor of 3801?
False
Is 109 a multiple of 3?
False
Is 25 a factor of 4782?
False
Does 7 divide 2589?
False
Is 360 a multiple of 18?
True
Does 64 divide 2367?
False
Is 32 a factor of 16259?
False
Is 62 a factor of 4712?
True
Is 7 a factor of 97?
False
Is 32 a factor of 352?
True
Does 50 divide 3450?
True
Is 4675 a multiple of 31?
False
Is 9304 a multiple of 72?
False
Is 122 a factor of 29768?
True
Is 43 a factor of 92928?
False
Is 20 a multiple of 2?
True
Does 7 divide 959?
True
Does 18 divide 4194?
True
Is 40 a factor of 96610?
False
Does 21 divide 12243?
True
Is 34 a factor of 8296?
True
Is 35 a factor of 40145?
True
Is 428 a multiple of 107?
True
Does 113 divide 4407?
True
Does 164 divide 3497?
False
Is 3567 a multiple of 24?
False
Is 2261 a multiple of 12?
False
Is 54 a multiple of 26?
False
Does 17 divide 454?
False
Is 52 a factor of 1986?
False
Is 22428 a multiple of 126?
True
Is 9216 a multiple of 72?
True
Is 3696 a multiple of 71?
False
Is 15 a factor of 2341?
False
Is 63 a factor of 1218?
False
Does 168 divide 10584?
True
Is 28 a factor of 4844?
True
Is 38 a factor of 16074?
True
Is 296 a factor of 69856?
True
Is 536 a multiple of 28?
False
Is 2298 a multiple of 47?
False
Is 11252 a multiple of 97?
True
Does 9 divide 317?
False
Is 29368 a multiple of 8?
True
Is 7 a factor of 8057?
True
Is 8424 a multiple of 26?
True
Is 4800 a multiple of 7?
False
Does 6 divide 48?
True
Is 10 a factor of 9589?
False
Is 5291 a multiple of 9?
False
Does 7 divide 54390?
True
Does 279 divide 17298?
True
Is 9676 a multiple of 5?
False
Is 117 a factor of 7896?
False
Is 19 a factor of 25467?
False
Is 19860 a multiple of 39?
False
Is 5593 a multiple of 17?
True
Does 42 divide 714?
True
Does 15 divide 105?
True
Is 319 a factor of 73370?
True
Does 207 divide 5553?
False
Is 2574 a multiple of 11?
True
Is 87 a factor of 12115?
False
Does 3 divide 4658?
False
Does 68 divide 15735?
False
Is 12 a factor of 12?
True
Is 36 a factor of 648?
True
Is 76 a factor of 2432?
True
Does 11 divide 400?
False
Is 43 a factor of 1332?
False
Does 12 divide 636?
True
Is 33 a factor of 462?
True
Is 8 a factor of 5472?
True
Is 33 a factor of 19536?
True
Is 37 a factor of 46573?
False
Is 6 a factor of 5838?
True
Does 26 divide 2132?
True
Does 57 divide 16986?
True
Is 36 a factor of 288?
True
Is 129 a factor of 13644?
False
Is 8200 a multiple of 40?
True
Does 100 divide 555?
False
Is 140 a factor of 1120?
True
Does 30 divide 690?
True
Does 18 divide 3636?
True
Does 53 divide 954?
True
Is 13 a factor of 499?
False
Does 29 divide 232?
True
Is 76818 a multiple of 54?
False
Is 7056 a multiple of 112?
True
Is 24 a factor of 3557?
False
Is 3 a factor of 48?
True
Is 33 a factor of 759?
True
Is 13 a factor of 2002?
True
Is 1260 a multiple of 20?
True
Is 11 a factor of 267?
False
Is 1814 a multiple of 13?
False
Is 3876 a multiple of 57?
True
Is 6344 a multiple of 30?
False
Does 31 divide 62?
True
Is 39 a multiple of 5?
False
Is 13836 a multiple of 30?
False
Is 3 a factor of 1056?
True
Is 9800 a multiple of 28?
True
Is 176 a factor of 7219?
False
Is 9156 a multiple of 109?
True
Is 115 a multiple of 5?
True
Does 90 divide 1084?
False
Does 12 divide 11028?
True
Is 34 a factor of 4386?
True
Is 18091 a multiple of 23?
False
Is 109 a factor of 7848?
True
Does 10 divide 460?
True
Is 1885 a multiple of 12?
False
Does 209 divide 134106?
False
Is 19603 a multiple of 2?
False
Is 282 a multiple of 9?
False
Does 17 divide 13022?
True
Is 3 a factor of 4885?
False
Is 6110 a multiple of 130?
True
Is 45 a factor of 2385?
True
Does 41 divide 15211?
True
Is 2 a factor of 14436?
True
Does 3 divide 3378?
True
Does 41 divide 490?
False
Is 12 a factor of 11472?
True
Is 15 a factor of 450?
True
Does 97 divide 9359?
False
Does 65 divide 4095?
True
Is 1640 a multiple of 5?
True
Does 46 divide 15502?
True
Is 207 a factor of 11700?
False
Is 962 a multiple of 13?
True
Is 3859 a multiple of 227?
True
Does 45 divide 44747?
False
Does 10 divide 2590?
True
Is 462 a multiple of 22?
True
Does 16 divide 1687?
False
Is 1746 a multiple of 97?
True
Is 62527 a multiple of 4?
False
Is 31884 a multiple of 12?
True
Is 16512 a multiple of 86?
True
Is 4408 a multiple of 8?
True
Does 46 divide 1472?
True
Is 9 a factor of 6237?
True
Is 28 a factor of 33684?
True
Is 6794 a multiple of 43?
True
Does 2 divide 7209?
False
Does 50 divide 3787?
False
Is 15 a factor of 1710?
True
Does 48 divide 27111?
False
Is 47 a factor of 1175?
True
Is 55 a factor of 1100?
True
Does 14 divide 35728?
True
Is 12 a factor of 229?
False
Does 35 divide 1575?
True
Is 73 a factor of 730?
True
Does 13 divide 2657?
False
Is 215 a factor of 22145?
True
Does 18 divide 985?
False
Is 74 a factor of 94350?
True
Does 46 divide 1886?
True
Is 157 a factor of 6280?
True
Is 36 a factor of 1224?
True
Is 7392 a multiple of 132?
True
Is 4 a factor of 387?
False
Does 8 divide 18952?
True
Does 7 divide 1672?
False
Does 8 divide 2304?
True
Is 385 a multiple of 7?
True
Does 11 divide 22813?
False
Is 6228 a multiple of 7?
False
Is 12981 a multiple of 7?
False
Is 9 a factor of 8532?
True
Does 47 divide 6533?
True
Is 15556 a multiple of 17?
False
Is 21219 a multiple of 15?
False
Is 18079 a multiple of 101?
True
Does 28 divide 1480?
False
Is 76 a factor of 2103?
False
Does 15 divide 3835?
False
Is 2065 a multiple of 4?
False
Is 23 a factor of 14579?
False
Does 11 divide 752?
False
Does 17 divide 4062?
False
Does 23 divide 1812?
False
Is 130 a factor of 1299?
False
Does 26 divide 1337?
False
Does 139 divide 15383?
False
Is 1482 a multiple of 4?
False
Is 27851 a multiple of 22?
False
Is 23 a factor of 31967?
False
Is 1620 a multiple of 48?
False
Is 31 a factor of 1054?
True
Is 99 a factor of 58122?
False
Does 34 divide 65314?
True
Is 12537 a multiple of 20?
False
Does 15 divide 7110?
True
Is 888 a multiple of 24?
True
Does 17 divide 7922?
True
Is 16 a factor of 83?
False
Is 6534 a multiple of 42?
False
Does 21 divide 3129?
True
Is 49980 a multiple of 34?
True
Is 8012 a multiple of 15?
False
Is 800 a multiple of 20?
True
Is 78851 a multiple of 14?
False
Is 25 a factor of 34786?
False
Is 8253 a multiple of 63?
True
Is 1128 a multiple of 8?
True
Is 20049 a multiple of 123?
True
Is 441 a multiple of 63?
True
Does 17 divide 1037?
True
Does 34 divide 34?
True
Is 100256 a multiple of 52?
True
Is 1365 a multiple of 65?
True
Does 51 divide 2601?
True
Is 61 a factor of 431?
False
Does 206 divide 15862?
True
Is 94 even?
True
Is 968 a multiple of 44?
True
Is 9 a factor of 199?
False
Does 5 divide 929?
False
Is 15 a factor of 330?
True
Is 19 a factor of 264?
False
Does 14 divide 2224?
False
Is 3216 a multiple of 12?
True
Is 2895 a multiple of 48?
False
Is 10676 a multiple of 210?
False
Is 24 a factor of 744?
True
Is 8701 a multiple of 13?
False
Is 815 a multiple of 10?
False
Is 1819 a multiple of 7?
False
Is 25 a factor of 11550?
True
Is 1224 a multiple of 102?
True
Does 89 divide 1137?
False
Is 82 a factor of 31734?
True
Is 23 a factor of 262?
False
Is 39 a factor of 44673?
False
Does 26 divide 574?
False
Does 17 divide 859?
False
Is 530 a multiple of 87?
False
Does 5 divide 285?
True
Is 10 a factor of 1587?
False
Does 233 divide 48697?
True
Is 1073 a multiple of 12?
False
Is 5364 a multiple of 36?
True
Is 63 a factor of 441?
True
Is 11 a factor of 2595?
False
Does 25 divide 175?
True
Is 6883 a multiple of 11?
False
Is 7 a factor of 1085?
True
Is 207 a multiple of 10?
False
Is 26863 a multiple of 242?
False
Does 59 divide 7906?
True
Is 18560 a multiple of 116?
True
Is 22801 a multiple of 10?
False
Does 67 divide 2162?
False
Does 12 divide 12888?
True
Is 6 a factor of 388?
False
Is 15 a factor of 3360?
True
Is 1022 a multiple of 14?
True
Is 3 a factor of 39?
True
Does 28 divide 336?
True
Is 129 